ate the remainder when 5071714 is divided by 34038.
52
What is the remainder when 6333515 is divided by 865?
850
What is the remainder when 145343 is divided by 7480?
3223
What is the remainder when 4257290 is divided by 755?
600
Calculate the remainder when 255744802 is divided by 1106.
1104
What is the remainder when 2880028 is divided by 960005?
13
Calculate the remainder when 84660 is divided by 6033.
198
Calculate the remainder when 9975568 is divided by 1110.
1108
Calculate the remainder when 11053905 is divided by 2217.
2160
What is the remainder when 349600 is divided by 2044?
76
What is the remainder when 3505196 is divided by 547?
20
What is the remainder when 5840 is divided by 3274?
2566
What is the remainder when 53627 is divided by 25955?
1717
Calculate the remainder when 1127584 is divided by 136.
8
What is the remainder when 392236 is divided by 512?
44
What is the remainder when 866549 is divided by 866488?
61
Calculate the remainder when 104981039 is divided by 55.
9
What is the remainder when 54027595 is divided by 782?
779
Calculate the remainder when 146779 is divided by 76.
23
What is the remainder when 1054726 is divided by 31?
13
Calculate the remainder when 54179 is divided by 154.
125
What is the remainder when 66533 is divided by 5433?
1337
Calculate the remainder when 60777 is divided by 6111.
5778
What is the remainder when 1464711 is divided by 1464711?
0
Calculate the remainder when 543818 is divided by 34.
22
What is the remainder when 379397 is divided by 1160?
77
Calculate the remainder when 1041983 is divided by 115752.
215
Calculate the remainder when 234976 is divided by 2021.
540
What is the remainder when 28503840 is divided by 25?
15
What is the remainder when 10323529 is divided by 50?
29
Calculate the remainder when 2862302 is divided by 23.
21
Calculate the remainder when 262202 is divided by 880.
842
Calculate the remainder when 113336 is divided by 1488.
248
What is the remainder when 4304 is divided by 3189?
1115
What is the remainder when 101614 is divided by 50680?
254
What is the remainder when 3692621 is divided by 471?
452
What is the remainder when 4182069 is divided by 163?
141
Calculate the remainder when 20179 is divided by 470.
439
What is the remainder when 108424270 is divided by 582?
580
Calculate the remainder when 1112933 is divided by 9934.
325
What is the remainder when 4682759 is divided by 4682740?
19
What is the remainder when 553532 is divided by 3292?
476
Calculate the remainder when 3496696 is divided by 3327.
19
What is the remainder when 422393 is divided by 1193?
71
Calculate the remainder when 72227 is divided by 2329.
28
Calculate the remainder when 7826978 is divided by 7826978.
0
What is the remainder when 879341 is divided by 4094?
3225
What is the remainder when 764342 is divided by 764304?
38
Calculate the remainder when 56099 is divided by 1725.
899
Calculate the remainder when 8351219 is divided by 2087804.
3
What is the remainder when 476217 is divided by 39683?
21
What is the remainder when 278516 is divided by 55629?
371
What is the remainder when 26063467 is divided by 7?
3
What is the remainder when 3271267 is divided by 3062?
1051
What is the remainder when 31608 is divided by 6895?
4028
Calculate the remainder when 2249589 is divided by 449912.
29
What is the remainder when 728378856 is divided by 2819?
2817
Calculate the remainder when 125364 is divided by 12738.
10722
Calculate the remainder when 49914491 is divided by 226884.
11
What is the remainder when 265997059 is divided by 176?
163
What is the remainder when 705941019 is divided by 141188203?
4
Calculate the remainder when 19053053 is divided by 1190813.
45
What is the remainder when 19498800 is divided by 6813?
6807
What is the remainder when 56722562 is divided by 74?
8
What is the remainder when 1759287 is divided by 961?
657
Calculate the remainder when 748945 is divided by 992.
977
What is the remainder when 4888855 is divided by 615?
220
What is the remainder when 954669 is divided by 68190?
9
What is the remainder when 214523 is divided by 286?
23
Calculate the remainder when 153694211 is divided by 2386.
21
What is the remainder when 26823 is divided by 2306?
1457
What is the remainder when 64019 is divided by 301?
207
What is the remainder when 422060 is divided by 131?
109
What is the remainder when 13531543 is divided by 4510500?
43
Calculate the remainder when 353718 is divided by 88404.
102
What is the remainder when 82354 is divided by 8145?
904
What is the remainder when 43120 is divided by 20391?
2338
What is the remainder when 224450392 is divided by 551?
542
Calculate the remainder when 10517602 is divided by 94.
36
What is the remainder when 6662 is divided by 2733?
1196
Calculate the remainder when 938840 is divided by 156449.
146
Calculate the remainder when 60803 is divided by 61.
47
Calculate the remainder when 120545 is divided by 1173.
899
What is the remainder when 7841728 is divided by 5?
3
What is the remainder when 212503795 is divided by 894?
889
Calculate the remainder when 1117077 is divided by 372351.
24
What is the remainder when 21192390 is divided by 194?
24
Calculate the remainder when 339882 is divided by 67328.
3242
What is the remainder when 7204768 is divided by 46?
18
Calculate the remainder when 273722 is divided by 6283.
3553
What is the remainder when 163280326 is divided by 520001?
12
What is the remainder when 3156153 is divided by 6046?
141
What is the remainder when 605743 is divided by 1048?
1047
Calculate the remainder when 365619 is divided by 60927.
57
Calculate the remainder when 36747920 is divided by 958.
956
Calculate the remainder when 17671051 is divided by 156.
151
What is the remainder when 15907 is divided by 4500?
2407
What is the remainder when 270526 is divided by 44570?
3106
What is the remainder when 8455468 is divided by 11?
10
What is the remainder when 173742 is divided by 213?
147
Calculate the remainder when 1843214 is divided by 1741.
1236
Calculate the remainder when 1050139 is divided by 3272.
3099
Calculate the remainder when 113243 is divided by 5661.
23
What is the remainder when 969442 is divided by 107?
22
Calculate the remainder when 42807623 is divided by 177.
173
Calculate the remainder when 1542645 is divided by 152.
149
What is the remainder when 27387973 is divided by 1136?
149
Calculate the remainder when 135273 is divided by 522.
75
What is the remainder when 27319886 is divided by 18189?
8
Calculate the remainder when 15958721 is divided by 15958721.
0
What is the remainder when 53760 is divided by 222?
36
What is the remainder when 429082 is divided by 379?
54
What is the remainder when 844839 is divided by 55?
39
What is the remainder when 3645331 is divided by 56082?
1
What is the remainder when 6903215 is divided by 328724?
11
Calculate the remainder when 25721598 is divided by 320.
318
What is the remainder when 10643575 is divided by 7809?
7717
What is the remainder when 1497331 is divided by 12374?
77
Calculate the remainder when 76286482 is divided by 218.
216
What is the remainder when 14577327 is divided by 1415?
1412
What is the remainder when 238973652 is divided by 119486823?
6
What is the remainder when 1572945 is divided by 78?
75
Calculate the remainder when 119249 is divided by 8830.
4459
Calculate the remainder when 535757 is divided by 1363.
98
What is the remainder when 1102770 is divided by 3751?
3727
What is the remainder when 44342 is divided by 9754?
5326
Calculate the remainder when 481931 is divided by 1242.
35
What is the remainder when 1251485 is divided by 11075?
10
Calculate the remainder when 1387164 is divided by 693469.
226
What is the remainder when 7263449 is divided by 348?
341
What is the remainder when 1645182 is divided by 4727?
186
Calculate the remainder when 56337715 is divided by 3908.
3895
What is the remainder when 485902 is divided by 231?
109
Calculate the remainder when 201296 is divided by 99872.
1552
What is the remainder when 50631 is divided by 25042?
547
Calculate the remainder when 4045023 is divided by 60.
3
What is the remainder when 48988993 is divided by 4453544?
9
What is the remainder when 434520 is divided by 216722?
1076
What is the remainder wh